g) = 24*g**2. Let k be 37/3 + 8/(-24). Suppose 0 = -4*r + 5*b - 4 - k, r + b - 5 = 0. List the prime factors of w(r).
2, 3
Suppose -7*q + 6 = -5*q. Let t be -1 + (-3)/q + 4. Suppose -2*x + 3*k + 83 = 0, 2*x + 9 = t*k + 93. What are the prime factors of x?
43
Let v be 8 + -1*(-1 + 4). Suppose v*c - 65 = -m + 11, -3*c - 4*m = -49. List the prime factors of (18/c)/((-5)/(-150)).
2, 3
Suppose 35*r + 800 = 43*r. What are the prime factors of r?
2, 5
Let o(w) = -170*w - 429. What are the prime factors of o(-6)?
3, 197
Let p(q) = -7*q**3 - 13*q + 310. Let h(d) = 4*d**3 + 7*d - 155. Let w(s) = 5*h(s) + 3*p(s). What are the prime factors of w(0)?
5, 31
Let k = 149 + -33. Let w be 4/(((-2)/150)/(2/(-5))). Suppose -5*m + w = 3*i, 0 = -3*i - m + k + 4. What are the prime factors of i?
2, 5
Let f be (-3)/(-21) - 3105/(-21). Suppose 46 = -2*n + f. What are the prime factors of n?
3, 17
Let y(x) = x**3 + 17*x**2 - 2*x + 130. What are the prime factors of y(-11)?
2, 439
List the prime factors of 24/(-36) + (-30964)/(-6).
2, 3, 5, 43
Suppose 3*o + 5*r + 1 = 0, 3*o + 2*o = 4*r + 23. What are the prime factors of 6 - o/((-15)/10)?
2
Suppose 1 - 3 = 2*q. Let l = q - -3. Suppose -3*b + 190 = l*b. What are the prime factors of b?
2, 19
Let c be 5 + 494 + 4 + -1. Let a = -283 + c. List the prime factors of a.
3, 73
Let m(s) = -s**2 - 5*s + 19. Let f be m(-7). Suppose 3*w + w = -f*j + 316, 3*w - 12 = 0. List the prime factors of j.
2, 3, 5
Suppose 9*d - 4*d + 19350 = 0. What are the prime factors of (-6)/8 - d/72?
53
Suppose -2*u + 5*l = 47, l - 5*l = 4*u + 80. Let m = -5 - -8. What are the prime factors of (-8)/m*u/14?
2
Suppose 0 = -38*z + 48*z - 4160. What are the prime factors of z?
2, 13
Let w = 16 - 21. Let p(k) = -k**2 - 4*k + 4. Let s be p(w). Let f = 12 - s. List the prime factors of f.
13
Suppose 11*l = 46459 - 15329. List the prime factors of l.
2, 5, 283
Let j = 11 + -11. Let m(i) = -i**2 - 20*i - 13. Let l be m(-19). Let o = l + j. List the prime factors of o.
2, 3
Let v = 1021 + -309. List the prime factors of v.
2, 89
Let x(g) = 18 + 3*g**2 - 5*g - g**2 - 6*g - g**2. What are the prime factors of x(13)?
2, 11
Let f(c) = -2*c + 18. Let a be f(-16). Let x = a + -27. List the prime factors of x.
23
Suppose -18*s + 7285 + 23 = 0. List the prime factors of s.
2, 7, 29
Let r = -18 - -20. Let a(y) = -5 + 11 + 4 - 16*y - r. List the prime factors of a(-3).
2, 7
Let n(s) = -s**3 + 10*s**2 + 10*s + 13. Let r be n(11). Suppose r*o = -6*f + 2*f + 54, -2*f = -5*o + 3. What are the prime factors of f?
11
Suppose 9 = 3*h - 6. Suppose -x + 3*v = -20 + h, 5*x + 2*v = 7. Suppose p - 15 = -x. List the prime factors of p.
2, 3
Let o(t) = 2*t**2 - 7*t. Let b = 9 - -11. Suppose -5*j + j = -b. What are the prime factors of o(j)?
3, 5
Suppose 6*a - 9*a + 24 = 0. Let l(f) = -f**3 + 8*f**2 + f - 3. Let i be l(a). Let p(x) = 3*x - 1. List the prime factors of p(i).
2, 7
Suppose 44*v - 47*v = -840. List the prime factors of v.
2, 5, 7
What are the prime factors of 170 - (-25 + 21 - (-6 - 1))?
167
Let r = 710 - 383. What are the prime factors of r?
3, 109
Let h(w) = w**3 + 10*w**2 - 2*w - 15. Let i = -33 + 23. Let z be h(i). Suppose 0 = 2*m + 3*m - z*d - 300, 249 = 4*m - d. List the prime factors of m.
3, 7
Suppose -2*t = -14 + 8. Suppose -28 = -t*x + 29. List the prime factors of x.
19
Suppose 2*c + 445 = 3*n, 5 - 7 = -2*c. What are the prime factors of n?
149
Let h = -14 - -18. Suppose -h*y - 4*i - 342 = -5*y, -4*i = -2*y + 688. Suppose -5*p = -2*x + 93, 2*p + y - 120 = 4*x. What are the prime factors of x?
59
Let q(v) = 11*v**2 - v - 2. Let d = 27 + -25. What are the prime factors of q(d)?
2, 5
Let m = 18 + 5. Let g be m*(2 + 1/(-1)). List the prime factors of (g/4)/((-4)/(-16)).
23
Suppose 0 = -11*g + 5987 - 718. What are the prime factors of g?
479
Suppose 7*d = 10*d - 1380. What are the prime factors of d?
2, 5, 23
Let r = 34 + -22. Let d = 8 - r. What are the prime factors of (4/d + 0)*-24?
2, 3
Suppose 2*k + 0*k = -24. Let u = -10 - k. List the prime factors of (248/(-16))/(u/(-4)).
31
What are the prime factors of (-3)/((-9)/318)*27/18?
3, 53
Let o(l) = -11*l + 3*l + 9 + 7*l. Let h be o(7). Suppose 18 = 2*t - h*i - 32, -2*t - 2*i + 66 = 0. List the prime factors of t.
29
Suppose 0 = -3*w + 2*l + 8, 3*w - 4*l = -0 + 10. Suppose -m - 127 = 4*i - 2*i, 0 = -w*m - 6. List the prime factors of i/(-2 - 0) + 0.
31
Let n be 0/(-2) - -3 - 21. Let j = n - -22. Suppose j*f - 141 = 7. What are the prime factors of f?
37
Let a = 3974 - 2078. List the prime factors of a.
2, 3, 79
Suppose 10*q + 9471 = 55981. What are the prime factors of q?
4651
List the prime factors of 43404/27 + 112/252.
2, 3, 67
Let k be (-1 - -1)*(-2 + 3). Suppose w = -k*w - 10. What are the prime factors of (35/w)/((-3)/6)?
7
Let q = -1009 - -1277. List the prime factors of q.
2, 67
Suppose 0 = 2*w + 3*w - 80. Let b = w + -9. Let i = b + -3. What are the prime factors of i?
2
Let q = 280 + -110. Let a be (q/(-3))/(20/(-30)). Suppose -a = -2*w - 5*v, -2*w + v + 104 = -11. List the prime factors of w.
5, 11
Let x be (32/20)/(2/5). Suppose x*j - 154 - 2 = 0. What are the prime factors of j?
3, 13
Let h = 1984 - -1631. What are the prime factors of h?
3, 5, 241
List the prime factors of (-9596)/(-40) + 1*5/50.
2, 3, 5
Suppose 23336 = 17*l - 12058. What are the prime factors of l?
2, 3, 347
Let t(k) = -k**2 + 17*k - 36. Suppose 2*d - 6*d + 28 = 0. What are the prime factors of t(d)?
2, 17
Suppose -26060 = -16*f - 684. What are the prime factors of f?
2, 13, 61
Suppose g + 6006 = 5*k - 3021, 0 = -2*k - g + 3615. What are the prime factors of k?
2, 3, 7, 43
Suppose -89 = -4*c + m, -c + 5*m = -27 - 0. Let o be c/55*70/2. Suppose o*w + 125 = 19*w. List the prime factors of w.
5
Suppose 40*g = 11*g + 12673. What are the prime factors of g?
19, 23
Suppose 4*h + 2*k - 28 = 0, 2*h - h + 2*k - 10 = 0. Let z be (-981)/(-36) - 2/8. What are the prime factors of 90/z + 4/h?
2
Let o(g) = g + 13*g + 0*g**3 - 7 - 10*g**2 + g**3 - 2. What are the prime factors of o(9)?
2, 3
Let g(r) = -25*r - 3. Suppose -3*v + 0*v = -5*m - 42, 3*m + 22 = 5*v. Let x(f) = -6*f - 1. Let a(l) = m*x(l) + 2*g(l). What are the prime factors of a(5)?
23
Let n be 1/((4 - 0)/28). Let k(a) = -3*a + n + 10 - 6. List the prime factors of k(-6).
29
Let m = -184 + 566. Suppose 27*o + m = 29*o. List the prime factors of o.
191
Suppose 2*r - 10 = -3*s, 2*s - 8 - 5 = 5*r. What are the prime factors of (r + -9)*16/(-5)?
2
Suppose 3*p = 4*x + 26, p + 2*p = -6. Let m(f) = f**2 - 4*f + 15. List the prime factors of m(x).
3, 37
What are the prime factors of ((13 - 12) + 699)*1?
2, 5, 7
Suppose -5*y = -3*z + 10185, -5*z + 2*y + 16975 = -y. List the prime factors of z.
5, 7, 97
Let q(x) be the first derivative of 2*x**3 - 7*x**2/2 - 3*x + 30. What are the prime factors of q(-3)?
2, 3
Suppose 13*p - 37*p + 10104 = 0. What are the prime factors of p?
421
Let t(b) = 18*b**2 + 4*b + 7. Suppose -35*p = -46*p - 33. List the prime factors of t(p).
157
Let u be 1*(-28)/(-6)*6. Let r = -47 - -50. Let h = u - r. What are the prime factors of h?
5
Suppose -4*z + 0*i - 2*i + 388 = 0, -4 = 2*i. What are the prime factors of z?
2, 7
Let n = -11 + 7. Let q be 3/(-4) - 23/n. Suppose q*f + 8 = 253. What are the prime factors of f?
7
Let c be -6 + (-2 - -4) + 4. What are the prime factors of 85*-1*(c + -1)?
5, 17
Suppose -7*a - 2*k = -2*a - 1039, 0 = 2*k - 4. Suppose -4*h + 2*j + 205 + 9 = 0, -4*h + a = 5*j. List the prime factors of h.
53
Suppose -2*b - 2*b = -d - 12, -2*b + 50 = 5*d. Suppose 84 = 4*h - d*h. Let f = h - -43. What are the prime factors of f?
2, 11
Suppose 0 = -4*l + 2*b + 2252, 2*l + 0*b = -b + 1126. Suppose -l = -12*u + 1765. List the prime factors of u.
2, 97
Let q(p) = -p**2 + 2*p - 2. Let n be q(2). Let z = n + 7. Suppose 4*s + z = 49. What are the prime factors of s?
11
List the prime factors of 465/2*24/15.
2, 3, 31
Suppose -85 = -4*q + 43. Let u = 305 + -284. Let y = q + u. List the prime factors of y.
53
Let y = -23 + 29. Let w be -1 + (y - 3) - -4. Suppose 35 = w*a - a. List the prime factors of a.
7
Let h = 754 - 98. List the prime factors of h.
2, 41
Let v = -191 - -104. Let t be v/(-3) + (-2)/(-1). What are the prime factors of t - (-8)/(-3 + 7)?
3, 11
Let w(b